hat is the thousands digit of 131038661?
8
What is the hundreds digit of 1349666812?
8
What is the ten millions digit of 1924856368?
2
What is the tens digit of 2029810722?
2
What is the millions digit of 18552059?
8
What is the thousands digit of 1178144050?
4
What is the units digit of 2786277622?
2
What is the ten millions digit of 15636112?
1
What is the units digit of 11824141?
1
What is the ten thousands digit of 33315361?
1
What is the millions digit of 38539178?
8
What is the hundred thousands digit of 560510?
5
What is the ten thousands digit of 123191370?
9
What is the hundred millions digit of 7517199730?
5
What is the hundred thousands digit of 85837112?
8
What is the thousands digit of 1111331?
1
What is the millions digit of 8604153?
8
What is the hundred millions digit of 120239086?
1
What is the hundred millions digit of 504061281?
5
What is the hundred thousands digit of 173840618?
8
What is the tens digit of 170357125?
2
What is the millions digit of 1062644561?
2
What is the ten millions digit of 507957642?
0
What is the units digit of 30750369?
9
What is the ten thousands digit of 27951567?
5
What is the hundred thousands digit of 1440878191?
8
What is the hundred thousands digit of 82307331?
3
What is the ten millions digit of 284601363?
8
What is the hundreds digit of 57779367?
3
What is the millions digit of 553434701?
3
What is the units digit of 16068831?
1
What is the ten thousands digit of 104536725?
3
What is the thousands digit of 37448220?
8
What is the hundred thousands digit of 1333219751?
2
What is the hundred millions digit of 628081727?
6
What is the millions digit of 44856429?
4
What is the ten thousands digit of 31412865?
1
What is the ten millions digit of 713907763?
1
What is the ten thousands digit of 3868659814?
5
What is the ten thousands digit of 227997381?
9
What is the tens digit of 251532112?
1
What is the units digit of 857956367?
7
What is the ten millions digit of 4811233623?
1
What is the ten thousands digit of 63936860?
3
What is the ten millions digit of 377437890?
7
What is the thousands digit of 2937203853?
3
What is the hundreds digit of 43025858?
8
What is the ten millions digit of 30647630?
3
What is the ten millions digit of 117765218?
1
What is the millions digit of 787637610?
7
What is the thousands digit of 71035636?
5
What is the thousands digit of 1613501109?
1
What is the hundreds digit of 204591633?
6
What is the ten millions digit of 36800211?
3
What is the ten millions digit of 101447900?
0
What is the thousands digit of 143446005?
6
What is the thousands digit of 1355429511?
9
What is the thousands digit of 8137440?
7
What is the hundred millions digit of 423448675?
4
What is the tens digit of 153864281?
8
What is the hundred thousands digit of 1128637911?
6
What is the units digit of 109128562?
2
What is the hundreds digit of 224968569?
5
What is the tens digit of 83282271?
7
What is the hundreds digit of 2439655352?
3
What is the tens digit of 500225155?
5
What is the ten thousands digit of 1985053022?
5
What is the ten millions digit of 75163640?
7
What is the ten millions digit of 87098141?
8
What is the hundred millions digit of 306235269?
3
What is the thousands digit of 393731288?
1
What is the units digit of 127879406?
6
What is the ten thousands digit of 3152022979?
2
What is the units digit of 75945599?
9
What is the hundred millions digit of 752911181?
7
What is the hundred thousands digit of 538326287?
3
What is the hundred thousands digit of 2409628869?
6
What is the ten millions digit of 402747384?
0
What is the hundred thousands digit of 4960791900?
7
What is the ten thousands digit of 1129586325?
8
What is the hundred thousands digit of 181198416?
1
What is the ten millions digit of 138588051?
3
What is the hundred thousands digit of 32039003?
0
What is the billions digit of 4556347026?
4
What is the units digit of 652288291?
1
What is the millions digit of 301873281?
1
What is the ten thousands digit of 94104308?
0
What is the thousands digit of 662936976?
6
What is the hundreds digit of 258879646?
6
What is the tens digit of 1278236776?
7
What is the units digit of 146794181?
1
What is the hundred thousands digit of 260405848?
4
What is the ten thousands digit of 67267218?
6
What is the hundreds digit of 23531816?
8
What is the ten millions digit of 29750472?
2
What is the millions digit of 7072453384?
2
What is the ten thousands digit of 9991090?
9
What is the ten millions digit of 2378947135?
7
What is the ten thousands digit of 51285308?
8
What is the hundreds digit of 6343887?
8
What is the units digit of 4646901790?
0
What is the units digit of 60522559?
9
What is the units digit of 86581084?
4
What is the hundreds digit of 450694673?
6
What is the ten millions digit of 94309503?
9
What is the ten thousands digit of 29593571?
9
What is the billions digit of 3408049693?
3
What is the tens digit of 76747920?
2
What is the hundred millions digit of 274942789?
2
What is the hundred thousands digit of 3730573063?
5
What is the thousands digit of 365130485?
0
What is the hundred thousands digit of 377650025?
6
What is the hundreds digit of 1877398159?
1
What is the hundreds digit of 471914716?
7
What is the hundred thousands digit of 3366444971?
4
What is the units digit of 27806331?
1
What is the ten millions digit of 72637648?
7
What is the units digit of 730563412?
2
What is the hundred millions digit of 869451074?
8
What is the hundred thousands digit of 1652656824?
6
What is the units digit of 607639030?
0
What is the tens digit of 2900395580?
8
What is the millions digit of 74577025?
4
What is the hundred thousands digit of 26150418?
1
What is the tens digit of 55221691?
9
What is the ten millions digit of 87395223?
8
What is the tens digit of 395722693?
9
What is the ten millions digit of 3181967394?
8
What is the thousands digit of 425056302?
6
What is the hundred thousands digit of 116402565?
4
What is the units digit of 12252115?
5
What is the hundreds digit of 2597496950?
9
What is the millions digit of 36726489?
6
What is the billions digit of 4364859046?
4
What is the hundreds digit of 9443021?
0
What is the tens digit of 159306138?
3
What is the thousands digit of 2668002155?
2
What is the ten thousands digit of 859363676?
6
What is the units digit of 6312909959?
9
What is the ten thousands digit of 200841562?
4
What is the hundreds digit of 85217583?
5
What is the millions digit of 132072100?
2
What is the units digit of 12840328?
8
What is the hundreds digit of 10783190?
1
What is the thousands digit of 12142167?
2
What is the hundred millions digit of 670672698?
6
What is the ten thousands digit of 2979381766?
8
What is the ten millions digit of 60257777?
6
What is the billions digit of 1652375322?
1
What is the tens digit of 2770676117?
1
What is the ten thousands digit of 1690204857?
0
What is the tens digit of 668953055?
5
What is the millions digit of 5132553026?
2
What is the ten thousands digit of 47327794?
2
What is the ten thousands digit of 32710620?
1
What is the hundred millions digit of 811540102?
8
What is the thousands digit of 253713139?
3
What is the hundreds digit of 917443991?
9
What is the hundred thousands digit of 69999986?
9
What is the ten thousands digit of 41934961?
3
What is the hundred thousands digit of 73982056?
9
What is the ten thousands digit of 250358404?
5
What is the hundreds digit of 832977735?
7
What is the ten millions digit of 911100226?
1
What is the hundred millions digit of 255735406?
2
What is the tens digit of 747021335?
3
What is the tens digit of 4432231353?
5
What is the tens digit of 43979606?
0
What is the hundred millions digit of 351841034?
3
What is the hundreds digit of 1171455173?
1
What is the hundred millions digit of 302219064?
3
What is the ten millions digit of 355918567?
5
What is the tens digit of 8072467?
6
What is the tens digit of 343352956?
5
What is the millions digit of 21051841?
1
What is the tens digit of 157523332?
3
What is the millions digit of 47450433?
7
What is the ten millions digit of 760042562?
6
What is the hundreds digit of 23044147?
1
What is the hundreds digit of 55628040?
0
What is the millions digit of 83763522?
3
What is the millions digit of 108519188?
8